0 = 4*p + 4*v - 56, p - 6 = -m*p - 5*v. Suppose x = -6 + p. Is x a prime number?
False
Let g(p) = p**2 - 7*p + 15. Let r be g(5). Suppose r*b - 609 = -2*b. Is b a prime number?
False
Suppose 4*z = -3*w + 44467, 3*w = -2*z - 16310 + 60787. Is w a composite number?
True
Let p(d) = 188*d**2 + 4*d + 25. Is p(6) composite?
True
Let s = -22 - -26. Is (3 + (-10)/s)/((-2)/(-476)) prime?
False
Suppose -13 = c - 2*l, -4*c - 104 = 7*l - 2*l. Let f be 14/c - (-20)/3. Is (-2438)/(-22) - f/(-33) a composite number?
True
Let z(k) = k**2 + 2*k - 25. Let y = 47 - 35. Is z(y) prime?
False
Is (-90)/675 - (-744197)/15 a composite number?
False
Suppose -25 = 4*q - 1. Let u(h) = 2531*h - 1. Let o be u(-1). Is (q/(-4))/((-18)/o) a prime number?
True
Let s = 13034 - 6345. Is s a prime number?
True
Let t(m) = 18*m**2 + 8*m - 15. Suppose -5 - 7 = -2*g. Is t(g) prime?
False
Suppose 0 = 28*p - 186823 - 631365. Is p prime?
True
Let a(c) = -94*c**3 + 2*c**2 + 7*c + 34. Is a(-3) composite?
True
Is (15/5)/(26433/(-6609) - -4) composite?
True
Let f = -1476 + -705. Let z = f + 3163. Is z a prime number?
False
Let o(r) = 149*r**2 - 12*r. Is o(-5) a composite number?
True
Suppose -4*g = s + 83, 4*s + 101 = -5*g - 0*g. Let o be (-54)/g + (-9)/(-21). Suppose -3*u + 3*v + 93 = 0, -4*u - o*v + 140 = v. Is u a composite number?
True
Let p be (108/(-8) - -3)*4. Is 14/p + 652/3 a prime number?
False
Suppose -2 = 3*x - x, -5*k - 4*x + 2226 = 0. Suppose -k = -5*o + 1519. Is o composite?
True
Suppose -4*v + 30141 = 5*j, 22607 = 3*v + 6*j - j. Is v a composite number?
True
Suppose -10*h = -12*h + 33412. Is h a composite number?
True
Let b(j) = -25*j**3 + 10*j**2 + 5*j + 11. Is b(-9) composite?
False
Let j(c) = -38*c**3 + c**2 + c - 1. Let g be j(3). Let t = -126 - g. Is t composite?
True
Is (-2)/((-5)/(113385/6)) composite?
False
Let x(d) = -2*d**3 - 9*d**2 + 4*d. Let h be x(-5). Suppose 0 = 3*p - h*k - 10087, 0 = 5*p + 2*k + k - 16789. Is p a composite number?
False
Suppose 0*u + 5*u - 1590 = -5*n, -n = -u - 310. Suppose n = -4*b + 1630. Is b a prime number?
False
Suppose 0 = 4*y - 9*y - 1065. Let w = y + 1178. Is w a prime number?
False
Let i(d) be the second derivative of 31*d**4/12 + 3*d**2/2 + 11*d. Is i(4) a composite number?
False
Let f = -7934 - -15557. Let h be f/27 - (-2)/(-6). Let d = h + 45. Is d a composite number?
True
Suppose 6*d - 23*d + 17051 = 0. Is d prime?
False
Suppose s = 2*w, 5*w = 2*w - 5*s. Let r(c) = 2 + w + 10*c**2 + 5*c + 2. Is r(-3) a prime number?
True
Is -29*(-444 - 50/10) composite?
True
Let w(k) = -33*k**3 - 12*k**2 - 11*k + 1. Is w(-8) prime?
True
Is 9455 + 11 + (-10)/2 composite?
False
Let y be (-8 - (-1 + -1))*(-2)/3. Suppose -5*n = 5*w - 130, y*n + 3*w = 6*w + 139. Is n prime?
True
Suppose 0 = -2*t + 3*t - 2180. Suppose -t = -5*u + 1025. Is u composite?
False
Let i(y) = -63*y - 24. Let o(d) = -2*d**3 + 4*d**2 - 3*d + 1. Let w be o(2). Is i(w) a composite number?
True
Let r = -1 + 0. Let o be (-10)/(-2) - (r - -1). Suppose o*k - 25 = -0*k, n + 2*k - 501 = 0. Is n a prime number?
True
Suppose -3*w + 1847 = -460. Is w a composite number?
False
Suppose -6*p = t - p - 5347, 0 = t - 4*p - 5383. Is t prime?
False
Let t be 1/1 - (-1 + (-108)/6). Let y(c) = c**2 + 27*c + 31. Is y(t) a composite number?
False
Suppose 35757 = -317*q + 326*q. Is q composite?
True
Let j be 9273/11 + 1*3. Suppose 0*l = -3*l + j. Suppose 0 = -4*c - 4, n + c - l - 346 = 0. Is n a prime number?
False
Let i(z) = -z**2 + 11*z + 5. Let n be i(9). Suppose -n*y + 18*y = 0. Suppose 4*a + 32 - 1204 = y. Is a a composite number?
False
Let y(i) = 15 + 11*i + 4*i + 2*i**2 + 0*i - 3*i. Let u be y(-12). Let h = u - -52. Is h a prime number?
True
Suppose -20 = -0*s - 2*s. Let d(p) = p**3 + 3*p**2 + 7*p + 21. Is d(s) prime?
False
Is ((-160)/240)/(4/(-348654)) composite?
False
Let q = 4270 - 2529. Is q a prime number?
True
Suppose -18 = -5*q + 4*d, 3*d - 4 = 3*q + 8*d. Suppose -3*g - q*b = -5*b - 105, 0 = 5*b + 5. Is g a prime number?
False
Let b(w) = -10*w**3 - 5*w**2 - 4*w. Suppose -21 = 4*m + 3*m. Is b(m) a composite number?
True
Suppose 3*k - 3 = -12, 3*a = k + 1941. Let o = a - 437. Is o prime?
False
Let v = 11283 + -4594. Is v prime?
True
Let w = 80271 - 38942. Is w prime?
False
Let o = -4 - -5. Let l(j) = 80*j + 2. Is l(o) prime?
False
Let t(c) = -185*c - 19. Let m = 18 - 24. Let a(v) = -92*v - 9. Let g(j) = m*t(j) + 11*a(j). Is g(7) composite?
False
Let p = 37016 + -23133. Is p prime?
True
Suppose 0 = z - 5*z - 12. Is z/(-5 - 1)*1986 a prime number?
False
Let z be 199/5 - (-12)/(-15). Suppose -f + z = -281. Suppose 0 = -4*d + 2*m + f, 4*d - 142 = -m + 172. Is d prime?
True
Let t(w) = -w**2 - 9*w - 16. Let i be t(-11). Let z = 1 - i. Suppose 2*b - 27 - z = 0. Is b a prime number?
False
Let f(y) = 59*y + 81. Is f(14) prime?
True
Let n(c) = 5732*c**2 + 2*c - 3. Is n(1) composite?
True
Is (3*1/(-2))/(189/(-787122)) prime?
True
Let v(k) = 112*k - 12 + 8 + 152*k - 9. Is v(2) composite?
True
Let u = 26 + -30. Let x be 3/6 - (-6)/u. Let i(s) = -47*s**3 - 2*s**2 - s. Is i(x) composite?
True
Is (1524/(-60))/(28/30 - 1) a prime number?
False
Suppose -14*i + 25556 + 83490 = 0. Is i a composite number?
False
Suppose -4*b = 5*q + 1 + 4, 4 = -3*b - 4*q. Suppose -5*o = 5*w - 14385, 5*w - o + 7904 - 22301 = b. Is w prime?
True
Suppose v = 2*a + 283, 0*v = -4*a + v - 563. Let o = -59 - a. Let d = o + -10. Is d prime?
True
Let f = 53431 + -34532. Is f a prime number?
True
Let b(d) = -974*d - 3. Suppose 5*f + 3 = s, 2*s + 13 = -3*f - 3*s. Is b(f) composite?
False
Let c be 0 + (8 - 3) - -1133. Let r = -659 + c. Is r a composite number?
False
Suppose 0 = -2*m - 276 - 820. Let f = m - -1245. Is f a composite number?
True
Suppose -3*a + 1790 = -1462. Let w = -1683 + a. Let c = w + 1048. Is c a composite number?
False
Suppose 4*i - 7 = 5*m, -i + 33 = 4*m + m. Let a(l) = i*l - 8*l + 2*l**2 - 3. Is a(5) a prime number?
True
Let p(f) = 225*f + 21. Is p(4) a composite number?
True
Suppose 0 = 3*j - 120 - 1425. Suppose 3*l - 4*b = -0*b + j, 864 = 5*l - b. Let d = l - -536. Is d a prime number?
True
Suppose -o - 4*f - 8 = 0, -3*o + 5*f + 21 + 6 = 0. Suppose 0 = -o*i + 1816 + 1332. Is i prime?
True
Suppose -3*i + 3*v = 4*v - 5689, 3*v + 3800 = 2*i. Is i composite?
True
Suppose 3*d - u = -34, 5*d + 5*u + 97 = 27. Is (-9)/3*344/d a composite number?
True
Suppose -z + 2 + 3 = 0, 0 = -y - 5*z + 25. Let s = -185 - -187. Suppose 0 = -k - 5*m + 54, y*m - 153 = -s*k - m. Is k a prime number?
True
Let k(y) = -y**3 - 10*y**2 + 7*y - 10. Let a be k(-8). Let m = -96 - a. Let i = m - 67. Is i a composite number?
False
Let a = -15 - 194. Let t = 336 + a. Is t composite?
False
Let d(q) = 909*q + 1213. Is d(22) prime?
True
Let s(g) = -g - 6. Let r(i) = i**3 - 4*i**2 - 3*i + 8. Let n be r(4). Let l be s(n). Is 2 - (0 + l + -82) composite?
True
Let b be 3 + (-5 - -3) - -20. Let h be (-14)/(-49) - (-162)/b. Suppose 2524 = -4*i + h*i. Is i prime?
True
Suppose 5*i + 3*n - 4964 = 0, -3*i - 2*i - n = -4958. Is i composite?
False
Let m(b) = -b**3 + 39*b**2 + 200*b - 15. Is m(43) prime?
False
Let a = 10 + -6. Suppose 0 = -5*j - 3*k + 134, 3*j + 2*j + a*k = 137. Let o = j - -58. Is o prime?
True
Suppose -3*y = 3*i - 9759, -2*y + 5*y = -i + 9769. Suppose -866 = -4*p + y. Is p prime?
True
Let r be (-93)/6*(3 - 7). Suppose -z = 5*b - 0*b - r, 5*b - 4*z = 77. Suppose -b*m + 8*m = -1235. Is m prime?
False
Suppose 5*f - 4*f = 0. Let b(x) = -x**3 + 4. Let w be b(f). Suppose -57 = l - w*l. Is l composite?
False
Let c = -3180 + 4817. Is c prime?
True
Let m be 22 + -2*(-2 - -3). Let l be (925/m)/((-1)/(-8)). Suppose b - l = 327. Is b a composite number?
True
Let w = 3208 - -181. Is w prime?
True
Let a(j) = -4*j**2 + 1. Let m be a(1). Let p(l) = -133*l - 2. Is p(m) a composite number?
False
Let i(d) = d**3 - 11*d**2 + 10*d + 2. Let t = 36 + -26. Is i(t) prime?
True
Let b(t) = -2704*t. Let j(m) = 95993*m. Let i(q) = 177*b(q) + 5*j(q). Is i(1) composite?
True
Suppose 4 = 3*b + o - 7, -5*b + 5*o = -25. Let s = b - 0. Is 2/s*1046 - -4 prime?
False
Let q(d) = 2*d**2 - 26*d + 7. Let i be q(-14). Let g = i - -4408. Is g composite?
False
Suppose -2478 - 2502 = -5*u - 3*o, -20 = -4*o. Is u a prime number?
False
Let z = 14 - 11. Suppose 0 = -z*m + 9 - 3. Suppose -81